{"id":50,"date":"2014-03-06T15:13:36","date_gmt":"2014-03-06T15:13:36","guid":{"rendered":"http:\/\/haldcontrol.dk\/?page_id=50"},"modified":"2014-03-19T21:55:05","modified_gmt":"2014-03-19T21:55:05","slug":"laes-mere","status":"publish","type":"page","link":"https:\/\/haldcontrol.dk\/","title":{"rendered":"Har du brug for assistance"},"content":{"rendered":"<p><span style=\"font-family: Calibri;\">Kan du genkende dig selv:<\/span><\/p>\n<ul>\n<ul>\n<ul>\n<li><span style=\"font-family: Calibri;\">Du har for lidt tid til at lave det du er god til.<\/span><\/li>\n<li><span style=\"font-family: Calibri;\">De administrative opgaver tager for lang tid.<\/span><\/li>\n<li><span style=\"font-family: Calibri;\">Der er for mange sure opgaver \u2013 rykning af kunder \u2013 betaling af leverand\u00f8rer.<\/span><\/li>\n<li><span style=\"font-family: Calibri;\">Ord som digital postkasse, indberetninger og Skat g\u00f8r dig tr\u00e6t.<\/span><\/li>\n<li><span style=\"font-family: Calibri;\">Bunken af papirer er for h\u00f8j.<\/span><\/li>\n<li><span style=\"font-family: Calibri;\">Analysering er der aldrig tid til.<\/span><\/li>\n<\/ul>\n<\/ul>\n<\/ul>\n<p><span style=\"font-family: Calibri;\">Hvis du kan se dig selv, s\u00e5 er det p\u00e5 tide at du f\u00e5r hj\u00e6lp.<\/span><\/p>\n<p><span style=\"font-family: Calibri;\">Hald Control kan holde virksomhedens bogholderi og regnskab ajour.<br \/>\nHald Control kan v\u00e6re den ekstra h\u00e5nd der mangler i forbindelse med omstrukturering, sygdom eller ved travlhed.<\/span><\/p>\n<p><span style=\"font-family: Calibri;\">Hald Controls kompetencer er mange:<\/span><\/p>\n<ul>\n<li><span style=\"font-family: Calibri;\">Bogholder<\/span><\/li>\n<li><span style=\"font-family: Calibri;\">Regnskabs assistance<\/span><\/li>\n<li><span style=\"font-family: Calibri;\">L\u00f8nmedarbejder<\/span><\/li>\n<li><span style=\"font-family: Calibri;\">Controller<\/span><\/li>\n<li><span style=\"font-family: Calibri;\">Analytiker <\/span><\/li>\n<li><span style=\"font-family: Calibri;\">Kontorhj\u00e6lp<\/span><\/li>\n<\/ul>\n<\/ul>\n<p><span style=\"font-family: Calibri;\">Hald Control kan hj\u00e6lpe med alle funktioner i din virksomhed.<\/span><br \/>\n<span style=\"font-family: Calibri;\">Hvem er <a title=\"Haldcontrol?\" href=\"http:\/\/haldcontrol.dk\/?page_id=18\">Haldcontrol<\/a> <\/span><\/p>\n","protected":false},"excerpt":{"rendered":"<p>Kan du genkende dig selv: Du har for lidt tid til at lave det du er god til. De administrative opgaver tager for lang tid. Der er for mange sure opgaver \u2013 rykning af kunder \u2013 betaling af leverand\u00f8rer. Ord som digital postkasse, indberetninger og Skat g\u00f8r dig tr\u00e6t. Bunken af papirer er for h\u00f8j. [&hellip;]<\/p>\n","protected":false},"author":1,"featured_media":0,"parent":18,"menu_order":0,"comment_status":"closed","ping_status":"closed","template":"","meta":{"footnotes":""},"_links":{"self":[{"href":"https:\/\/haldcontrol.dk\/index.php?rest_route=\/wp\/v2\/pages\/50"}],"collection":[{"href":"https:\/\/haldcontrol.dk\/index.php?rest_route=\/wp\/v2\/pages"}],"about":[{"href":"https:\/\/haldcontrol.dk\/index.php?rest_route=\/wp\/v2\/types\/page"}],"author":[{"embeddable":true,"href":"https:\/\/haldcontrol.dk\/index.php?rest_route=\/wp\/v2\/users\/1"}],"replies":[{"embeddable":true,"href":"https:\/\/haldcontrol.dk\/index.php?rest_route=%2Fwp%2Fv2%2Fcomments&post=50"}],"version-history":[{"count":22,"href":"https:\/\/haldcontrol.dk\/index.php?rest_route=\/wp\/v2\/pages\/50\/revisions"}],"predecessor-version":[{"id":136,"href":"https:\/\/haldcontrol.dk\/index.php?rest_route=\/wp\/v2\/pages\/50\/revisions\/136"}],"up":[{"embeddable":true,"href":"https:\/\/haldcontrol.dk\/index.php?rest_route=\/wp\/v2\/pages\/18"}],"wp:attachment":[{"href":"https:\/\/haldcontrol.dk\/index.php?rest_route=%2Fwp%2Fv2%2Fmedia&parent=50"}],"curies":[{"name":"wp","href":"https:\/\/api.w.org\/{rel}","templated":true}]}}